
Let l be 1656/115 - 4/10. Suppose -19 = -3*y - q, -3*y = -0*y - 2*q - 25. What is the highest common divisor of y and l?
7
Suppose 0 = -5*q + 2*f + 636, 122 = 11*q - 10*q - 3*f. What is the highest common divisor of q and 32?
32
Let h(a) = -34*a + 346. Let m be h(9). Calculate the greatest common divisor of 180 and m.
20
Let h = 10 - 5. Suppose -6*q - 3*z + 59 = -2*q, 32 = q - h*z. What is the greatest common factor of q and 68?
17
Let m be 27/(-33) + 1 + 20032/176. What is the highest common divisor of m and 1938?
114
Suppose 0*c = c - 91. Suppose 15 + 5 = -5*w. Let l(h) = -8*h - 19. Let u be l(w). What is the greatest common factor of u and c?
13
Let k = -35 + 30. Let o be 0 + k + 3 - -79. What is the greatest common factor of o and 11?
11
Suppose 6 - 3 = -3*t, 3*t + 75 = 2*q. Let a(f) = 2*f**2 - 2*f - 3. Let s be a(-2). What is the highest common divisor of q and s?
9
Suppose -241 = -c - 2*b, -3*c + b - 48 + 743 = 0. Suppose 0*m = 5*m - p - 596, -2*m - 5*p + c = 0. Calculate the greatest common divisor of 17 and m.
17
Suppose 6*l - 9*l = 2*z - 314, -5*l - 4*z = -524. Let x(p) = 2*p**2 - p - 2. Let r be x(3). What is the highest common factor of r and l?
13
Let p = -86 + 89. Suppose 10*r - 231 = p*r. What is the greatest common factor of 264 and r?
33
Let n be (-6)/33 + (-31)/11. Let l = -5 + n. Let t be ((-8)/(-10))/(l/(-100)). What is the greatest common divisor of 80 and t?
10
Suppose 12 = 3*g, 2*f - 21*g = -20*g + 92. Calculate the highest common factor of f and 48.
48
Suppose 0 = -4*i - 8, -4*g + g + i + 188 = 0. What is the highest common factor of 31 and g?
31
Suppose -5*u + 34 - 9 = 0. Suppose -u*q + 15 + 15 = 0. Calculate the highest common factor of 3 and q.
3
Let x = 1474 - 1460. What is the greatest common divisor of 6 and x?
2
Let w be (-47532)/30 + (-2)/(-5). Let f be w/(-10) - 18/(-30). Suppose -2*l + f = -17. What is the highest common factor of 8 and l?
8
Suppose 149 = 3*d + 5*g, 3*g + 2*g - 33 = -d. Suppose 3 = z + p, -1 = 2*z + 4*p - 7. Suppose 0 = l + z*l - 348. Calculate the highest common divisor of d and l.
29
Let g(b) = -b**3 + 7*b**2 - 2*b + 20. Let v be g(6). Calculate the greatest common factor of v and 11.
11
Let w = 28 - 30. Let q = 20 + w. What is the greatest common divisor of 126 and q?
18
Suppose -c + 504 = -4*c. Let z = -82 - c. Let m = z + -47. What is the highest common divisor of m and 351?
39
Let z = -26 - -36. Suppose 0 = -a + 5*a - 4*x - 16, -10 = -2*a + x. Suppose 3*y = a + 9. What is the greatest common divisor of z and y?
5
Suppose -22 = -o + 20*c - 19*c, 2*o + 2*c = 52. Calculate the greatest common factor of o and 30.
6
Let a = 43 - 92. Let q = 76 - a. Suppose 9*y + q = 10*y. Calculate the greatest common factor of 25 and y.
25
Let z = -205 + 366. Let i = 191 + -134. Let f = i - 34. Calculate the highest common divisor of z and f.
23
Let y = -85 - -96. Suppose y*i = 5*i + 396. What is the highest common divisor of 33 and i?
33
Suppose 7901 + 22474 = 15*g. What is the greatest common divisor of 81 and g?
81
Let g = 1628 + -1404. What is the highest common divisor of g and 280?
56
Let a(f) = f - 3. Suppose -b - 10 = -2*b. Let z be a(b). Calculate the greatest common factor of 56 and z.
7
Suppose -2*y + r + 11 = -0*y, -34 = -3*y + 5*r. Calculate the greatest common divisor of y and 13.
1
Suppose 4*u + 48 = -76. Let i = -21 - u. Let j be (-3 - -5) + -3 - -41. What is the greatest common factor of i and j?
10
Let d(q) = 2*q**2 + 7*q - 2. Let h be d(8). Let y be h/7*-2*(-1)/4. Calculate the highest common divisor of y and 104.
13
Let n = -71 - -134. What is the highest common divisor of n and 693?
63
Let s(t) = 14*t. Let q be s(4). Let u be 6/8*4 + 37. Let y be -1 + u/(-15)*-3*1. Calculate the greatest common factor of q and y.
7
Let b be (7 + -9)*(-1 + -1). Suppose -v + b = 0, -4 = 2*x + 5*v - 38. Calculate the highest common factor of x and 77.
7
Suppose 44*r - 37*r - 168 = 0. Let y(k) = k**3 - 11*k**2 + 13*k + 13. Let u be y(10). Let i = u + 17. Calculate the greatest common factor of i and r.
12
Suppose -3*d - 4*o + 10 = -d, -5*d - 5*o + 45 = 0. Calculate the highest common divisor of d and 13.
13
Let n(f) = -7*f + 7. Let a = 7 + -14. Let s be n(a). Let d(c) = -c**2 + 10*c - 9. Let z be d(8). Calculate the greatest common factor of z and s.
7
Suppose 10816 = -45*p + 71*p. What is the highest common factor of p and 156?
52
Suppose 13*w = 56 + 61. Let l be (43 - 2/2)*w/18. Calculate the greatest common divisor of 3 and l.
3
Let h be 32/(-48)*621/(-6). What is the highest common divisor of 437 and h?
23
Let g = 473 - 161. What is the greatest common divisor of 832 and g?
104
Let v be (-3)/15*-11*10. Calculate the greatest common divisor of v and 176.
22
Suppose 0 = 3*a + 2*y - 301, -80 + 478 = 4*a + y. Suppose 4*d = -5*z + 33, -5*z - d + 49 = 7. Calculate the highest common factor of z and a.
9
Let z = 8 - 6. Let f(w) = -9*w - 3 + 3*w**z + 3*w**2 - 3*w**2. Let g be f(7). Calculate the highest common divisor of 9 and g.
9
Suppose 29 = -x + 5*d, -x - 2*d - 58 = x. Let s be ((-186)/15)/((-1)/5). Let j = x + s. What is the greatest common divisor of j and 3?
3
Let k(h) = -h**2 - 33*h - 79. Let c be k(-29). Calculate the greatest common factor of 703 and c.
37
Suppose -2 = l, 125*i + 4*l = 121*i + 256. What is the highest common factor of 2046 and i?
66
Let g be (5*3)/(17/51). Calculate the greatest common factor of g and 75.
15
Let o(y) = y**2 - 7*y - 327. Let p be o(22). Suppose -5*m + 41 = -4. Calculate the greatest common factor of p and m.
3
Suppose 0*o + 4*o - 100 = -4*s, -s + 3*o = -5. Calculate the greatest common divisor of 20 and s.
20
Let y(r) = -r**3 - 34*r**2 - 74*r - 62. Let a be y(-32). Calculate the highest common factor of 602 and a.
86
Let q(z) = -z**2 - 15*z + 11. Let f be q(-15). Let h be 167/f + 2/(-11). Let o be (-122)/(-1) + -1*2. Calculate the greatest common divisor of h and o.
15
Suppose -2*m + 5 + 9 = -2*l, -2*m = 3*l + 1. Suppose b = -m*b - 170. Let k = b + 114. What is the highest common divisor of 10 and k?
10
Suppose 2*o = 3*b - 224, 2*b + 0*b - 124 = -5*o. Let j(d) = -d**2 - 16*d + 4. Let c be j(-15). Let q = c - 7. What is the greatest common divisor of b and q?
12
Let c(k) = k**2 + k - 15. Let y be c(-5). Suppose -3*u - 2*b + 68 + 338 = 0, y*u - 2*b - 682 = 0. Calculate the greatest common divisor of u and 17.
17
Suppose -u + 3*a - 132 = 0, 3*u - 2*a = -406 - 4. Let g = -82 - u. What is the greatest common divisor of 14 and g?
14
Suppose 3*m = 2*s - 118 - 6, 0 = 2*s - 4*m - 128. Calculate the highest common factor of s and 2072.
56
Let w(o) = -o - 6. Let c be w(-7). Let z be ((-56)/6)/(c/3). Let q = -18 - z. Calculate the greatest common factor of 20 and q.
10
Let f be -7 + 5 + 1 - (-1 - 0). Suppose 0 = 2*b - 4*b - 3*r + 2, f = 4*b - 4*r - 44. What is the greatest common divisor of 7 and b?
7
Let j(t) = -8*t. Suppose -3*c = x + 2, -x - x = 5*c. Let i be 3/9 - x/3. Let s be j(i). What is the highest common divisor of s and 60?
12
Let x be (-8 + (-3 - -3))/((-2)/20). Let z be x/12*(-6)/(-8). Calculate the highest common divisor of z and 1.
1
Let z = 390 + -218. Calculate the greatest common factor of z and 602.
86
Let c = 33 - 28. Suppose 0*q - 25 = -c*b - q, 0 = -4*q. Suppose -t + 4*v + 23 = 0, 0 = -3*t + 5*v + 33 + 22. What is the greatest common factor of b and t?
5
Let k(c) = 5*c**2 + 15*c + 27. Let q be k(-6). Calculate the highest common divisor of q and 104.
13
Suppose 0 = -5*z + 7 + 3. Suppose -y = z*g - 65 + 6, 5*g + 3*y = 147. Let t be (-5)/(1/(-3)*1). Calculate the greatest common divisor of g and t.
15
Let x = -7 - 1. Let w be 1/((-6)/x)*24. Calculate the greatest common factor of 16 and w.
16
Let j be 1*13*10 - 0. Let c be 53 - ((-22)/121 - (-35)/11). Let m be 4/c + 969/75. What is the highest common divisor of j and m?
13
Let n = -44 - -51. Let t be (-912)/(-40) - n - (-2)/10. Let l(d) = 39*d**3 + 2*d**2 - d. Let j be l(1). Calculate the highest common factor of t and j.
8
Let n(r) = 2*r**3 - 6*r**2 - 34*r - 16. Let x be n(8). Calculate the highest common factor of 11 and x.
11
Let r = 2510 + -1445. Calculate the highest common factor of 71 and r.
71
Suppose 2*q + 7162 = 3*l, -4*q - 2985 = -2*l + 1779. What is the greatest common factor of l and 20?
10
Let